e units digit of r(i)?
2
Let o = -6260 - -7844. What is the hundreds digit of o?
5
Let h(x) = 6*x**3 + 4*x**2 - x + 16. Let j be h(9). Let i = j - 2243. Suppose -10*s - 932 = -i. What is the tens digit of s?
5
What is the thousands digit of (18*497/4)/((-49)/833)*-2?
6
Let k(j) = j**3 - 7*j**2 + 5*j + 10. Let c be k(6). Suppose 1608 - 52 = c*f. What is the hundreds digit of f?
3
Let f = 12762 - -2776. What is the hundreds digit of f?
5
What is the tens digit of 1/5 + (-129460)/3*654/(-2725)?
5
Let z(n) = -4*n + 28. Let p be z(10). What is the hundreds digit of 2824/p*(1 + -4)?
7
Suppose 0 = -9*h + 14*h + 325. Suppose 3*o - 4*j = -388, -508 = 16*o - 12*o - 3*j. Let x = h - o. What is the tens digit of x?
5
Let l = -198 - -31685. What is the tens digit of l?
8
Let i be (388/(-10)*-1)/(12/60). Suppose l = 5, b + 2*b - 2*l - i = 0. Suppose -o - b = -2*o. What is the units digit of o?
8
Suppose 41 = 4*c - 3*g, g = 4*g - 3. Let d be c/(2 - (-30)/(-14)). Let n = d + 209. What is the hundreds digit of n?
1
Let d = 118 - 118. Suppose d = -4*v - 4*b + 88, v + 2 = -3*b + 8*b. What is the tens digit of 102/(-9)*v/(-12)?
1
Let m = -1923 + 3366. What is the units digit of m?
3
Suppose 41*y - 9*y = 832. Let g(m) = 29*m + 151. What is the hundreds digit of g(y)?
9
Let b = 119 - 116. Suppose j + 4*j - 3*g = 733, 4*j - 608 = -b*g. What is the units digit of j?
9
Let n = 540 - -20. Suppose n + 490 = 6*y. What is the tens digit of y?
7
What is the thousands digit of (-1)/((-106)/(-318) + ((-976)/1461)/2)?
1
Let o(l) = 1843*l**2 + 728*l + 13. What is the units digit of o(5)?
8
Let m = 3151 + 663. What is the hundreds digit of m?
8
Let c = -8239 + 11919. What is the thousands digit of c?
3
Suppose -1247*i - 152138 = -1261*i. What is the tens digit of i?
6
Suppose n - 6931 = -3*o, 742*o = 739*o. What is the units digit of n?
1
Let f(l) = -25*l + 6. Suppose -8*y - 2*y = -2*y. Suppose -2*q = 5*z + 18, y = 3*z - 4*q - 1 - 9. What is the tens digit of f(z)?
5
Let o(n) = 461*n**2 + 184*n - 1154. What is the tens digit of o(7)?
2
Suppose -5*a = a - 36. Suppose -18 = -a*z + 18. Suppose -z*q - 72 = -7*q. What is the units digit of q?
2
Let p(l) be the first derivative of 23*l**4/2 - 2*l**3 + 7*l**2/2 + 3*l - 28. What is the units digit of p(2)?
1
Let l(h) = -5*h**2 + 48*h + 42. Let b(q) = 5*q**2 - 44*q - 43. Let i(y) = 4*b(y) + 3*l(y). What is the hundreds digit of i(-14)?
3
Suppose 0*r = -4*r - 17768 + 74528. What is the ten thousands digit of r?
1
Suppose 0 = u - 6*u. Let t be -7 - -36*(-24)/(-96). Suppose u = p - 2*l - 186, -l - 3*l = t*p - 348. What is the hundreds digit of p?
1
Suppose 2*t = 15 - 5. Let w = -17 + 336. Suppose w = t*d - 131. What is the tens digit of d?
9
Let b(o) be the first derivative of -2*o**4 - 2*o**3/3 - o**2/2 - 12. Let f be b(-1). Let z(d) = d**2 - 3*d + 17. What is the tens digit of z(f)?
4
Let k = -73 - -303. Let u be ((-12)/15 + (-14)/(-10))*10. Suppose -335 = 3*s - u*s - 2*f, -2*f = -2*s + k. What is the units digit of s?
3
Let y be -1 - (-24)/27 - (-1918)/9. Let b = y + -157. What is the units digit of b?
6
Let n be ((-15)/(-10))/(6/8). Suppose 3*o = -h + 807, -n*o + 0*o + 5*h = -521. What is the units digit of o?
8
Suppose 0 = q + 4*r - 26, 5*q = 12*r - 16*r + 50. What is the tens digit of q/4*-16*(-144)/27?
2
Suppose 16009 = 5*q - 2046. What is the thousands digit of q?
3
Let n be ((-108)/45 - 2/(-5)) + 2. Suppose n = 6*f - 5*f + 2*o - 347, 5*f - 2*o - 1687 = 0. What is the units digit of f?
9
Let l = -404 + 226. Let k = l + 423. What is the units digit of k?
5
Let v = 212492 - 149586. What is the tens digit of v?
0
Suppose -5360513 + 1036571 = -309*p - 60*p. What is the tens digit of p?
1
Suppose 14*o = -3*o. Suppose 19*l - 1662 - 1663 = o. What is the units digit of l?
5
Let p(x) = -x**3 + 91*x**2 - 1562*x + 141. What is the units digit of p(64)?
5
Suppose 2*l + 3*f = 558, 2*l + f - 465 = 85. Let y = -155 + l. What is the tens digit of y?
1
Suppose 7*a - 379 - 97 = 0. Suppose 69*z - a*z = 163. What is the hundreds digit of z?
1
Suppose 99*f - 42*f - 74613 = 0. What is the units digit of f?
9
Suppose 0 = -14*i + 87430 + 74172. What is the tens digit of i?
4
Let v = -14 + 29. Let i(m) = 5*m**2 + 21*m + 5. Let w(k) = 2*k**2 + 11*k + 2. Let l(j) = 3*i(j) - 7*w(j). What is the units digit of l(v)?
6
Let d(n) = 10*n - 255. Let r be d(26). Suppose 3*k - r*u = 1380 - 252, -5*k + 1846 = 3*u. What is the tens digit of k?
7
Let b be 15/25 + 54/10. Suppose -b*l + 13 = -29. Let j(c) = -c**3 + 8*c**2 + 15*c - 8. What is the units digit of j(l)?
6
Suppose 42*p = 36*p + 135896 - 29498. What is the tens digit of p?
3
Let x(g) = 820*g - 98. Let k be x(5). Suppose -k = -39*l + 33*l. What is the tens digit of l?
6
What is the tens digit of 4 + (2 - -8) + 10563?
7
Suppose -70*w + 282882 = -133758. What is the units digit of w?
2
Suppose -359 = 2*z - 105. Let x = 214 + z. Suppose 0*c - 4*c = d - 368, -c + x = -d. What is the units digit of c?
1
Let f(g) = -g**2 + 17*g + 24. Let z be (-8)/(-20)*(10 + (1 - 1)). Suppose -3*r + z*r = 10. What is the units digit of f(r)?
4
Suppose 0 = -z + 2*y + 6, y - 2*y = -3*z + 43. Let s be (z - (0 + 0))*48/(-32). Let o = s + 130. What is the units digit of o?
6
Let k(h) = -h**3 + 4*h**2 + h. Let f be k(4). Suppose 3*q - q - 592 = -2*z, 2*q - f*z - 604 = 0. What is the hundreds digit of q?
2
Let z(t) = 14523*t**2 + 32*t - 32. What is the tens digit of z(1)?
2
Let g(c) = -184*c - 62. Let r(u) = -u**2 + 16*u - 37. Let j be r(14). What is the thousands digit of g(j)?
1
Suppose -2*b + 60 = 3*a, -3*b + 14*a - 15*a = -90. Suppose -b*s = -27*s - 1110. What is the tens digit of s?
7
Let z(p) = 2*p**2 + 93*p - 60. What is the thousands digit of z(44)?
7
Let s(r) = 13*r**3 - r**2 + 2*r. Let x(q) = -38*q**3 + 2*q**2 - 7*q - 1. Let d(m) = 7*s(m) + 2*x(m). What is the hundreds digit of d(2)?
1
Suppose -12262 = -u + 758. What is the tens digit of u?
2
What is the units digit of (34142 + (-276)/23)*1/5?
6
Suppose 5*n = -21 + 251. Suppose i + 124 = 4*y - 13, y - 3*i = 48. Let c = y + n. What is the units digit of c?
9
What is the tens digit of ((195/2)/1)/(420/49000)?
7
Suppose -2*c + 4*a - 12 = 0, -16 = -3*a - 4. Suppose -3*z + 4*z = c*b + 134, 0 = 5*z - 4*b - 700. What is the hundreds digit of z?
1
Let w(c) = -6*c**3 - 8*c**2 - 2*c + 1. Let i = 26 + -21. Let z(u) = u**3 + u**2 - u - 1. Let t(n) = i*z(n) + w(n). What is the tens digit of t(-5)?
8
Let k(u) be the first derivative of -u**2/2 + 4*u + 11. Let a be k(0). Suppose -4*v + 102 = -2*v + a*x, -5*x + 57 = v. What is the units digit of v?
7
Let t = -42043 + 71288. What is the tens digit of t?
4
Suppose b - 2*i - 10003 = 0, 2*b - 8*i = -5*i + 20009. What is the ten thousands digit of b?
1
Let s = -11611 + 36207. What is the tens digit of s?
9
Suppose -20*q - 5*g - 9982 = -22*q, -2*q + 9982 = -2*g. What is the units digit of q?
1
Let q(v) = v**3 + 16*v**2 - 2*v - 30. Suppose -66*x + 72*x + 96 = 0. Let o be q(x). Let d(c) = 14*c**3 - 5*c**2 + c + 1. What is the tens digit of d(o)?
9
Suppose -u - 8 = -3*u. Suppose w = -3*p - 103, -3*w = 5*p - u*p + 309. Let d = -66 - w. What is the units digit of d?
7
Let d(u) = 34*u + 41. Suppose -2*n - o + 13 = -2*o, -5*n - o + 36 = 0. What is the units digit of d(n)?
9
What is the tens digit of (-10)/((-80)/52)*844?
8
Let t(i) = -5*i - 6*i + 13*i + 228 + 0*i. Suppose 4*p + 5*a + 8 = -2, -3*p = 3*a + 6. What is the units digit of t(p)?
8
Suppose 7*v + 6*v - 26 = 0. Suppose -v*z + 843 = 3*n, -n = 4*z - 180 - 91. What is the hundreds digit of n?
2
Suppose 4*b + 424 = -0*b. What is the hundreds digit of (-64)/(-40) + 2/5 - b?
1
Suppose -40 = -4*q - 0*h + 5*h, 8 = -2*h. Suppose 405 = 10*g - q*g. What is the tens digit of g?
8
What is the thousands digit of ((-48)/15*-4)/(4/1420)?
4
Suppose -4*y + 3922 = -2*n, 115*n - 110*n = 3*y - 2924. What is the tens digit of y?
8
What is the units digit of (6 - -8 - -32798)*(1 - 1/(-2))?
8
Let a(r) = -r**3 - 6*r**2 - 8*r - 3. Let d be 3*(-2 + (-6)/9). What is the units digit of a(d)?
9
Let c(z) be the second derivative of 35*z**4/3 + z**3/6 + z**2/2 - 3*z + 14. What is the hundreds digit of c(-1)?
1
Suppose -3*h - 2*h - 5 = -5*y, -4 = -2*h. Suppose y*w - w = 106. What is the tens digit of w?
5
Let r(o) be the second